t are the prime factors of 1929314?
2, 859, 1123
List the prime factors of 5327373.
3, 181, 9811
What are the prime factors of 14965759?
503, 29753
What are the prime factors of 524887?
11, 47717
What are the prime factors of 8859181?
29, 305489
What are the prime factors of 1479699?
3, 13, 12647
List the prime factors of 81204.
2, 3, 67, 101
What are the prime factors of 410360?
2, 5, 10259
List the prime factors of 1908221.
7, 272603
List the prime factors of 3402993.
3, 11, 101, 1021
List the prime factors of 703435.
5, 269, 523
List the prime factors of 97559.
7, 11, 181
List the prime factors of 713966.
2, 11, 17, 23, 83
What are the prime factors of 510810?
2, 3, 5, 17027
What are the prime factors of 57870?
2, 3, 5, 643
What are the prime factors of 10035324?
2, 3, 13, 41, 523
List the prime factors of 423881.
83, 5107
List the prime factors of 17576.
2, 13
List the prime factors of 1424610.
2, 3, 5, 11, 1439
List the prime factors of 8572267.
11, 17, 45841
List the prime factors of 240589.
240589
List the prime factors of 128499.
3, 7, 29, 211
What are the prime factors of 8279957?
7, 61, 19391
What are the prime factors of 807136?
2, 11, 2293
What are the prime factors of 3413949?
3, 7, 11, 14779
List the prime factors of 2629591.
2629591
List the prime factors of 8062402.
2, 4031201
What are the prime factors of 5579377?
5579377
What are the prime factors of 1854239?
521, 3559
List the prime factors of 16917060.
2, 3, 5, 43, 79, 83
What are the prime factors of 395020?
2, 5, 19751
What are the prime factors of 4048416?
2, 3, 14057
List the prime factors of 923393.
263, 3511
List the prime factors of 156662.
2, 11, 7121
List the prime factors of 670152.
2, 3, 7, 3989
List the prime factors of 6247110.
2, 3, 5, 53, 3929
What are the prime factors of 368573?
59, 6247
List the prime factors of 982263.
3, 327421
What are the prime factors of 124662?
2, 3, 79, 263
What are the prime factors of 1532458?
2, 766229
What are the prime factors of 229779?
3, 11, 211
List the prime factors of 9176387.
11, 67, 12451
List the prime factors of 239550.
2, 3, 5, 1597
What are the prime factors of 4356825?
3, 5, 11, 5281
List the prime factors of 1291955.
5, 7, 36913
List the prime factors of 836455.
5, 173, 967
What are the prime factors of 150920?
2, 5, 7, 11
What are the prime factors of 523060?
2, 5, 26153
List the prime factors of 118940.
2, 5, 19, 313
What are the prime factors of 199996?
2, 49999
What are the prime factors of 1906704?
2, 3, 13241
What are the prime factors of 5451393?
3, 1817131
What are the prime factors of 59698?
2, 19, 1571
List the prime factors of 424221.
3, 7, 20201
What are the prime factors of 2399561?
37, 64853
List the prime factors of 12310966.
2, 6155483
What are the prime factors of 617034?
2, 3, 11, 9349
List the prime factors of 49163.
211, 233
What are the prime factors of 3327304?
2, 83, 5011
List the prime factors of 100161.
3, 31, 359
What are the prime factors of 1060506?
2, 3, 41, 479
What are the prime factors of 1630719?
3, 60397
List the prime factors of 2225684.
2, 431, 1291
What are the prime factors of 305788?
2, 7, 67, 163
What are the prime factors of 1250112?
2, 3, 17, 383
What are the prime factors of 1180016?
2, 73751
List the prime factors of 397296.
2, 3, 31, 89
What are the prime factors of 2534864?
2, 158429
List the prime factors of 389715.
3, 5, 25981
What are the prime factors of 257874?
2, 3, 42979
What are the prime factors of 2177111?
23, 103, 919
List the prime factors of 1255278.
2, 3, 209213
What are the prime factors of 1113455?
5, 7, 29, 1097
What are the prime factors of 14951340?
2, 3, 5, 83063
What are the prime factors of 2494235?
5, 23, 41
What are the prime factors of 24457?
37, 661
What are the prime factors of 466532?
2, 11, 23, 461
List the prime factors of 2185328.
2, 73, 1871
List the prime factors of 17820453.
3, 7, 848593
What are the prime factors of 12036466?
2, 13, 457, 1013
What are the prime factors of 835291?
23, 1579
What are the prime factors of 12487988?
2, 23, 149, 911
What are the prime factors of 3228682?
2, 151, 10691
List the prime factors of 4729475.
5, 139, 1361
List the prime factors of 10130763.
3, 193, 17497
What are the prime factors of 490338?
2, 3, 27241
List the prime factors of 246935.
5, 13, 29, 131
What are the prime factors of 1224105?
3, 5, 79, 1033
What are the prime factors of 1528913?
631, 2423
List the prime factors of 1929342.
2, 3, 89, 3613
What are the prime factors of 796943?
7, 17, 37, 181
What are the prime factors of 18290001?
3, 79, 229, 337
What are the prime factors of 1054551?
3, 351517
List the prime factors of 2066623.
13, 43, 3697
List the prime factors of 1232128.
2, 4813
List the prime factors of 102954.
2, 3, 17159
List the prime factors of 14152915.
5, 7, 61, 947
List the prime factors of 78348.
2, 3, 6529
List the prime factors of 2513396.
2, 19, 33071
List the prime factors of 13607455.
5, 769, 3539
List the prime factors of 345496.
2, 19, 2273
What are the prime factors of 55436?
2, 13859
What are the prime factors of 117193?
117193
List the prime factors of 14015262.
2, 3, 2335877
What are the prime factors of 3332916?
2, 3, 92581
List the prime factors of 15071506.
2, 37, 203669
List the prime factors of 7016495.
5, 17, 23, 37, 97
List the prime factors of 295555.
5, 13, 4547
What are the prime factors of 3917015?
5, 23, 34061
What are the prime factors of 496646?
2, 248323
List the prime factors of 4401866.
2, 7, 44917
What are the prime factors of 220472?
2, 7, 31, 127
List the prime factors of 2118921.
3, 7, 23, 41, 107
What are the prime factors of 1830407?
17, 107671
What are the prime factors of 799951?
41, 109, 179
List the prime factors of 2492216.
2, 61, 5107
What are the prime factors of 1057308?
2, 3, 7, 41, 307
List the prime factors of 3272317.
37, 59, 1499
What are the prime factors of 2614253?
659, 3967
List the prime factors of 1254577.
1254577
List the prime factors of 2379304.
2, 23, 67, 193
What are the prime factors of 678819?
3, 353, 641
List the prime factors of 13667463.
3, 89, 113, 151
List the prime factors of 38803.
38803
List the prime factors of 21531990.
2, 3, 5, 149, 4817
List the prime factors of 18038863.
1873, 9631
List the prime factors of 1235452.
2, 73, 4231
List the prime factors of 1496982.
2, 3, 249497
List the prime factors of 11873475.
3, 5, 113, 467
What are the prime factors of 24614544?
2, 3, 512803
What are the prime factors of 53164?
2, 13291
What are the prime factors of 1236919?
19, 65101
List the prime factors of 15951990.
2, 3, 5, 257, 2069
What are the prime factors of 14349136?
2, 103, 8707
What are the prime factors of 159366?
2, 3, 26561
What are the prime factors of 262640?
2, 5, 7, 67
What are the prime factors of 2911745?
5, 29, 43, 467
List the prime factors of 1439991.
3, 7, 19, 401
What are the prime factors of 563084?
2, 19, 31, 239
What are the prime factors of 121647?
3, 23, 41, 43
List the prime factors of 361407.
3, 53, 2273
List the prime factors of 245987.
7, 35141
What are the prime factors of 6803819?
11, 37, 73, 229
What are the prime factors of 294491?
17, 1019
List the prime factors of 13309138.
2, 947, 7027
What are the prime factors of 396207?
3, 7, 19, 331
What are the prime factors of 1091021?
1091021
List the prime factors of 2708063.
107, 25309
List the prime factors of 1655189.
1655189
List the prime factors of 199330.
2, 5, 31, 643
What are the prime factors of 3207570?
2, 3, 5, 31, 3449
List the prime factors of 455169.
3, 11, 13, 1061
What are the prime factors of 4313834?
2, 7, 23, 13397
What are the prime factors of 6849247?
6849247
What are the prime factors of 3327990?
2, 3, 5, 110933
List the prime factors of 303894.
2, 3, 16883
List the prime factors of 218654.
2, 17, 59, 109
What are the prime factors of 741878?
2, 29, 12791
What are the prime factors of 6453?
3, 239
What are the prime factors of 8232012?
2, 3, 17, 13451
What are the prime factors of 1619738?
2, 809869
What are the prime factors of 8665711?
643, 13477
What are the prime factors of 16042327?
7, 19, 120619
What are the prime factors of 381320?
2, 5, 9533
What are the prime factors of 356547?
3, 157, 757
List the prime factors of 16118.
2, 8059
What are the pr